{"id":14,"date":"2026-03-07T22:39:41","date_gmt":"2026-03-08T01:39:41","guid":{"rendered":"http:\/\/koraexperience.com.br\/?page_id=14"},"modified":"2026-03-09T03:33:03","modified_gmt":"2026-03-09T06:33:03","slug":"home","status":"publish","type":"page","link":"https:\/\/koraexperience.com.br\/","title":{"rendered":"Home"},"content":{"rendered":"\n<div class=\"wp-block-cover alignfull\" style=\"min-height:720px;aspect-ratio:unset;\"><span aria-hidden=\"true\" class=\"wp-block-cover__background has-background-dim-100 has-background-dim\" style=\"background-color:#03315a\"><\/span><div class=\"wp-block-cover__inner-container is-layout-flow wp-block-cover-is-layout-flow\">\n<div class=\"inherit-container-width wp-block-group alignwide is-layout-constrained wp-block-group-is-layout-constrained\">\n<div class=\"wp-block-media-text alignwide has-media-on-the-right is-stacked-on-mobile is-vertically-aligned-center\" style=\"grid-template-columns:auto 39%\"><div class=\"wp-block-media-text__content\">\n<h1 class=\"wp-block-heading has-text-align-left has-white-color has-text-color\" style=\"font-size:45px\">Experi\u00eancia \u00e9 estrat\u00e9gia!<\/h1>\n\n\n\n<p class=\"has-white-color has-text-color\">Consultoria estrat\u00e9gica para empresas que cresceram r\u00e1pido e agora precisam organizar o pr\u00f3ximo ciclo de crescimento.<\/p>\n\n\n\n<p><\/p>\n\n\n\n<div class=\"wp-block-buttons is-layout-flex wp-block-buttons-is-layout-flex\">\n<div class=\"wp-block-button\"><a class=\"wp-block-button__link has-black-color has-text-color has-background has-link-color wp-element-button\" href=\"https:\/\/wa.me\/5511986839019?text=Ol%C3%A1.%20Acessei%20o%20site%20da%20Kora%20Experience%20e%20gostaria%20de%20agendar%20uma%20conversa%20estrat%C3%A9gica%20de%2030%20minutos.\" style=\"background-color:#ff6d70\">Agendar conversa estrat\u00e9gica<\/a><\/div>\n<\/div>\n<\/div><figure class=\"wp-block-media-text__media\"><img loading=\"lazy\" decoding=\"async\" width=\"640\" height=\"431\" src=\"http:\/\/koraexperience.com.br\/wp-content\/uploads\/2026\/03\/slider1.jpeg\" alt=\"\" class=\"wp-image-273 size-full\" srcset=\"https:\/\/koraexperience.com.br\/wp-content\/uploads\/2026\/03\/slider1.jpeg 640w, https:\/\/koraexperience.com.br\/wp-content\/uploads\/2026\/03\/slider1-300x202.jpeg 300w\" sizes=\"auto, (max-width: 640px) 100vw, 640px\" \/><\/figure><\/div>\n<\/div>\n<\/div><\/div>\n\n\n\n<div class=\"wp-block-cover alignfull\" style=\"min-height:566px;aspect-ratio:unset;\"><span aria-hidden=\"true\" class=\"wp-block-cover__background has-ast-global-color-5-background-color has-background-dim-100 has-background-dim\"><\/span><div class=\"wp-block-cover__inner-container is-layout-flow wp-block-cover-is-layout-flow\">\n<div class=\"inherit-container-width wp-block-group alignwide is-layout-constrained wp-block-group-is-layout-constrained\">\n<div class=\"wp-block-media-text alignwide is-stacked-on-mobile is-vertically-aligned-center\" style=\"grid-template-columns:39% auto\"><figure class=\"wp-block-media-text__media\"><img loading=\"lazy\" decoding=\"async\" width=\"640\" height=\"446\" src=\"http:\/\/koraexperience.com.br\/wp-content\/uploads\/2026\/03\/posicionamento1.jpeg\" alt=\"\" class=\"wp-image-271 size-full\" srcset=\"https:\/\/koraexperience.com.br\/wp-content\/uploads\/2026\/03\/posicionamento1.jpeg 640w, https:\/\/koraexperience.com.br\/wp-content\/uploads\/2026\/03\/posicionamento1-300x209.jpeg 300w\" sizes=\"auto, (max-width: 640px) 100vw, 640px\" \/><\/figure><div class=\"wp-block-media-text__content\">\n<h1 class=\"wp-block-heading has-text-align-left has-black-color has-text-color\" style=\"font-size:38px\"><strong>Posicionamento<\/strong><\/h1>\n\n\n\n<div class=\"wp-block-group is-nowrap is-layout-flex wp-container-core-group-is-layout-6c531013 wp-block-group-is-layout-flex\">\n<p><strong><mark style=\"background-color:rgba(0, 0, 0, 0);color:#000000\" class=\"has-inline-color\">Empresas que crescem r\u00e1pido precisam de estrutura para continuar crescendo.<\/mark><\/strong><\/p>\n<\/div>\n\n\n\n<p class=\"has-black-color has-text-color has-link-color wp-elements-67b228e8256eb1743a302864bfe2bcbf\">A <strong>Kora Experience<\/strong> atua organizando a base que sustenta o crescimento de empresas.<\/p>\n\n\n\n<p class=\"has-black-color has-text-color has-link-color wp-elements-424bac92e1c186db388520b9ef9234b7\">Quando a estrutura n\u00e3o acompanha o crescimento, o neg\u00f3cio come\u00e7a a perder clareza, previsibilidade e efici\u00eancia.<\/p>\n\n\n\n<p class=\"has-white-color has-text-color has-black-color has-link-color wp-elements-48948978c49e3b31deb2bedb1ea48bf7\"><mark style=\"background-color:rgba(0, 0, 0, 0);color:#000000\" class=\"has-inline-color\">Transformamos crescimento improvisado em crescimento estruturado.<\/mark><\/p>\n\n\n\n<div class=\"wp-block-buttons is-layout-flex wp-block-buttons-is-layout-flex\"><\/div>\n<\/div><\/div>\n<\/div>\n<\/div><\/div>\n\n\n\n<div class=\"wp-block-cover alignfull is-light\" style=\"min-height:823px;aspect-ratio:unset;\"><span aria-hidden=\"true\" class=\"wp-block-cover__background has-background-dim-100 has-background-dim\" style=\"background-color:#ebebeb\"><\/span><div class=\"wp-block-cover__inner-container is-layout-flow wp-block-cover-is-layout-flow\">\n<div class=\"inherit-container-width wp-block-group alignwide is-layout-constrained wp-block-group-is-layout-constrained\">\n<div class=\"wp-block-media-text alignwide has-media-on-the-right is-stacked-on-mobile is-vertically-aligned-center\" style=\"grid-template-columns:auto 39%\"><div class=\"wp-block-media-text__content\">\n<h1 class=\"wp-block-heading has-text-align-left has-black-color has-text-color\" style=\"font-size:38px\"><strong><strong><strong>Crescimento sem estrutura cobra um pre\u00e7o invis\u00edvel<\/strong><\/strong><\/strong><\/h1>\n\n\n\n<div class=\"wp-block-group is-nowrap is-layout-flex wp-container-core-group-is-layout-6c531013 wp-block-group-is-layout-flex\">\n<p class=\"has-ast-global-color-5-color has-text-color has-link-color wp-elements-f928653f6dc475b81c372a33928cf2af\"><strong><mark style=\"background-color:rgba(0, 0, 0, 0);color:#000000\" class=\"has-inline-color\">Empresas em crescimento frequentemente enfrentam desafios que nem sempre s\u00e3o vis\u00edveis \u00e0 primeira vista.<\/mark><\/strong><\/p>\n<\/div>\n\n\n\n<p class=\"has-ast-global-color-5-color has-text-color has-link-color wp-elements-4eeec64e914c9780fdb118f1b295a850\"><mark style=\"background-color:rgba(0, 0, 0, 0);color:#000000\" class=\"has-inline-color\">Equipes desalinhadas, retrabalho, perda de clientes e decis\u00f5es cada vez mais reativas. Com o tempo, o crescimento passa a gerar desgaste em vez de resultado. Sinais frequentes nas empresas que atendemos:<\/mark><\/p>\n\n\n\n<p class=\"has-ast-global-color-5-color has-text-color has-link-color wp-elements-43bdab3431f0b68575efa2ea28283f5c\"><mark style=\"background-color:rgba(0, 0, 0, 0);color:#000000\" class=\"has-inline-color\">\u2022 Perda recorrente de clientes<br>\u2022 Ru\u00eddo na comunica\u00e7\u00e3o interna<br>\u2022 Retrabalho operacional<br>\u2022 Sobrecarga da lideran\u00e7a<br>\u2022 Crescimento sem previsibilidade<\/mark><\/p>\n\n\n\n<p class=\"has-ast-global-color-5-color has-text-color has-link-color wp-elements-801ea8972e045a3aa57ea9fb254fd5ba\"><mark style=\"background-color:rgba(0, 0, 0, 0);color:#000000\" class=\"has-inline-color\">Quando a estrutura n\u00e3o acompanha o crescimento, a opera\u00e7\u00e3o come\u00e7a a cobrar um pre\u00e7o silencioso.<\/mark><\/p>\n\n\n\n<div class=\"wp-block-buttons is-layout-flex wp-block-buttons-is-layout-flex\"><\/div>\n<\/div><figure class=\"wp-block-media-text__media\"><img loading=\"lazy\" decoding=\"async\" width=\"640\" height=\"457\" src=\"http:\/\/koraexperience.com.br\/wp-content\/uploads\/2026\/03\/invisivel1.jpeg\" alt=\"\" class=\"wp-image-268 size-full\" srcset=\"https:\/\/koraexperience.com.br\/wp-content\/uploads\/2026\/03\/invisivel1.jpeg 640w, https:\/\/koraexperience.com.br\/wp-content\/uploads\/2026\/03\/invisivel1-300x214.jpeg 300w\" sizes=\"auto, (max-width: 640px) 100vw, 640px\" \/><\/figure><\/div>\n<\/div>\n<\/div><\/div>\n\n\n\n<div class=\"wp-block-cover alignfull\" style=\"min-height:948px;aspect-ratio:unset;\"><span aria-hidden=\"true\" class=\"wp-block-cover__background has-ast-global-color-5-background-color has-background-dim-100 has-background-dim\"><\/span><div class=\"wp-block-cover__inner-container is-layout-flow wp-block-cover-is-layout-flow\">\n<div class=\"inherit-container-width wp-block-group alignwide is-layout-constrained wp-block-group-is-layout-constrained\">\n<div class=\"wp-block-media-text alignwide is-stacked-on-mobile is-vertically-aligned-center\" style=\"grid-template-columns:39% auto\"><figure class=\"wp-block-media-text__media\"><img loading=\"lazy\" decoding=\"async\" width=\"640\" height=\"425\" src=\"http:\/\/koraexperience.com.br\/wp-content\/uploads\/2026\/03\/perspectiva1.jpeg\" alt=\"\" class=\"wp-image-270 size-full\" srcset=\"https:\/\/koraexperience.com.br\/wp-content\/uploads\/2026\/03\/perspectiva1.jpeg 640w, https:\/\/koraexperience.com.br\/wp-content\/uploads\/2026\/03\/perspectiva1-300x199.jpeg 300w\" sizes=\"auto, (max-width: 640px) 100vw, 640px\" \/><\/figure><div class=\"wp-block-media-text__content\">\n<h1 class=\"wp-block-heading has-text-align-left has-black-color has-text-color\" style=\"font-size:38px\"><strong><strong><strong><strong><strong>Nossa perspectiva<\/strong><\/strong><\/strong><\/strong><\/strong><\/h1>\n\n\n\n<p class=\"has-black-color has-text-color has-link-color wp-elements-81347ca5831b31e3c7e9141161c18a4f\"><strong><strong>Muitas empresas acreditam que precisam melhorar a comunica\u00e7\u00e3o ou investir mais em marketing para resolver problemas de crescimento.<\/strong><\/strong><\/p>\n\n\n\n<p class=\"has-black-color has-text-color has-link-color wp-elements-8a9fb1281c8587c41d7f45dd27bd26ac\">Na maioria das vezes, o desafio n\u00e3o est\u00e1 na comunica\u00e7\u00e3o.<br>Est\u00e1 na estrutura.<\/p>\n\n\n\n<p class=\"has-black-color has-text-color has-link-color wp-elements-7511dbd35c10ea3ab76728f101996662\">Quando empresas crescem rapidamente, processos deixam de acompanhar o ritmo da opera\u00e7\u00e3o.<\/p>\n\n\n\n<p class=\"has-black-color has-text-color has-link-color wp-elements-b92ba7d742bbe14c86a4e6ff8145c8f9\">Equipes passam a trabalhar sob press\u00e3o constante, decis\u00f5es se tornam reativas e a experi\u00eancia do cliente come\u00e7a a se fragmentar.<\/p>\n\n\n\n<p class=\"has-black-color has-text-color has-link-color wp-elements-6c8c3d1bb7010e0e46ff4e8f3369d0d7\">Nesse momento, muitas empresas tentam resolver o problema pela comunica\u00e7\u00e3o.<\/p>\n\n\n\n<p class=\"has-black-color has-text-color has-link-color wp-elements-af96d241830b071510b49b0ef0b212c1\">Mas comunica\u00e7\u00e3o sem estrutura apenas amplifica o problema.<\/p>\n\n\n\n<p class=\"has-black-color has-text-color has-link-color wp-elements-4afbd9707e8e1a799ee25f2714b1b245\">Estrat\u00e9gia n\u00e3o come\u00e7a na campanha.<\/p>\n\n\n\n<p class=\"has-black-color has-text-color has-link-color wp-elements-50f851c5a441a6480c5f4e26bc96a3ab\"><strong>Estrat\u00e9gia come\u00e7a na estrutura do neg\u00f3cio.<\/strong><\/p>\n\n\n\n<p class=\"has-black-color has-text-color has-link-color wp-elements-69e65f351bc8a94a16bd21de2e6ac91c\">\u00c9 nesse ponto que a Kora atua.<\/p>\n\n\n\n<div class=\"wp-block-buttons is-layout-flex wp-block-buttons-is-layout-flex\"><\/div>\n<\/div><\/div>\n<\/div>\n<\/div><\/div>\n\n\n\n<div class=\"wp-block-cover alignfull is-light\" style=\"min-height:720px;aspect-ratio:unset;\"><span aria-hidden=\"true\" class=\"wp-block-cover__background has-background-dim-100 has-background-dim\" style=\"background-color:#ebebeb\"><\/span><div class=\"wp-block-cover__inner-container is-layout-flow wp-block-cover-is-layout-flow\">\n<div class=\"inherit-container-width wp-block-group alignwide is-layout-constrained wp-block-group-is-layout-constrained\">\n<div class=\"wp-block-media-text alignwide has-media-on-the-right is-stacked-on-mobile is-vertically-aligned-center\" style=\"grid-template-columns:auto 39%\"><div class=\"wp-block-media-text__content\">\n<h1 class=\"wp-block-heading has-text-align-left has-black-color has-text-color\" style=\"font-size:38px\"><strong><strong><strong><strong><strong><strong><strong><strong>Como atuamos<\/strong><\/strong><\/strong><\/strong><\/strong><\/strong><\/strong><\/strong><\/h1>\n\n\n\n<p class=\"has-black-color has-text-color has-link-color wp-elements-742c12fd6f1b34ef320a10cd6b2cb4bb\">Atuamos por meio de projetos estruturados de&nbsp;<strong>diagn\u00f3stico, organiza\u00e7\u00e3o estrat\u00e9gica e estrutura\u00e7\u00e3o operacional<\/strong>.<\/p>\n\n\n\n<p class=\"has-black-color has-text-color has-link-color wp-elements-1f1e6629509e2e0b99641ce3e106dc0e\">Cada projeto possui&nbsp;<strong>escopo claro, acompanhamento na execu\u00e7\u00e3o e consolida\u00e7\u00e3o final<\/strong>.<\/p>\n\n\n\n<div class=\"wp-block-buttons is-layout-flex wp-block-buttons-is-layout-flex\"><\/div>\n<\/div><figure class=\"wp-block-media-text__media\"><img loading=\"lazy\" decoding=\"async\" width=\"640\" height=\"425\" src=\"http:\/\/koraexperience.com.br\/wp-content\/uploads\/2026\/03\/atuamos1.jpeg\" alt=\"\" class=\"wp-image-266 size-full\" srcset=\"https:\/\/koraexperience.com.br\/wp-content\/uploads\/2026\/03\/atuamos1.jpeg 640w, https:\/\/koraexperience.com.br\/wp-content\/uploads\/2026\/03\/atuamos1-300x199.jpeg 300w\" sizes=\"auto, (max-width: 640px) 100vw, 640px\" \/><\/figure><\/div>\n<\/div>\n<\/div><\/div>\n\n\n\n<div class=\"wp-block-group alignfull has-ast-global-color-5-background-color has-background is-layout-constrained wp-container-core-group-is-layout-9cedb757 wp-block-group-is-layout-constrained\" style=\"padding-bottom:0px\">\n<p style=\"font-size:38px\"><strong><strong><strong><strong><strong><strong><strong><strong><mark style=\"background-color:rgba(0, 0, 0, 0);color:#000000\" class=\"has-inline-color\"><strong>Ciclo de estrutura\u00e7\u00e3o<\/strong> <strong>Kora<\/strong><\/mark><\/strong><\/strong><\/strong><\/strong><\/strong><\/strong><\/strong><\/strong><\/p>\n\n\n\n<div class=\"wp-block-columns are-vertically-aligned-top is-layout-flex wp-container-core-columns-is-layout-00723822 wp-block-columns-is-layout-flex\">\n<div class=\"wp-block-column is-vertically-aligned-top is-layout-flow wp-container-core-column-is-layout-6b73ce23 wp-block-column-is-layout-flow\">\n<figure class=\"wp-block-image size-full is-resized\"><img loading=\"lazy\" decoding=\"async\" width=\"76\" height=\"81\" src=\"http:\/\/koraexperience.com.br\/wp-content\/uploads\/2026\/03\/diagnostico.png\" alt=\"\" class=\"wp-image-42\" style=\"width:60px;height:auto\"\/><\/figure>\n\n\n\n<h3 class=\"wp-block-heading has-text-align-left\" style=\"margin-top:16px;font-size:20px\">Diagn\u00f3stico estrat\u00e9gico<\/h3>\n\n\n\n<p><\/p>\n<\/div>\n\n\n\n<div class=\"wp-block-column is-vertically-aligned-top is-layout-flow wp-container-core-column-is-layout-6b73ce23 wp-block-column-is-layout-flow\">\n<figure class=\"wp-block-image size-full is-resized\"><img loading=\"lazy\" decoding=\"async\" width=\"76\" height=\"81\" src=\"http:\/\/koraexperience.com.br\/wp-content\/uploads\/2026\/03\/prioridade.png\" alt=\"\" class=\"wp-image-45\" style=\"aspect-ratio:0.9383654629378224;width:61px;height:auto\"\/><\/figure>\n\n\n\n<h3 class=\"wp-block-heading has-text-align-left\" style=\"margin-top:16px;font-size:20px\">Defini\u00e7\u00e3o de prioridades<\/h3>\n\n\n\n<p class=\"has-text-align-left\"><\/p>\n<\/div>\n\n\n\n<div class=\"wp-block-column is-vertically-aligned-top is-layout-flow wp-container-core-column-is-layout-6b73ce23 wp-block-column-is-layout-flow\">\n<figure class=\"wp-block-image size-full is-resized\"><img loading=\"lazy\" decoding=\"async\" width=\"76\" height=\"81\" src=\"http:\/\/koraexperience.com.br\/wp-content\/uploads\/2026\/03\/estruturacao.png\" alt=\"\" class=\"wp-image-46\" style=\"width:59px;height:auto\"\/><\/figure>\n\n\n\n<h3 class=\"wp-block-heading has-text-align-left\" style=\"margin-top:16px;font-size:20px\">Plano de estrutura\u00e7\u00e3o<\/h3>\n\n\n\n<p class=\"has-text-align-left\"><\/p>\n<\/div>\n\n\n\n<div class=\"wp-block-column is-vertically-aligned-top is-layout-flow wp-container-core-column-is-layout-6b73ce23 wp-block-column-is-layout-flow\">\n<figure class=\"wp-block-image size-full is-resized\"><img loading=\"lazy\" decoding=\"async\" width=\"76\" height=\"81\" src=\"http:\/\/koraexperience.com.br\/wp-content\/uploads\/2026\/03\/implementacao.png\" alt=\"\" class=\"wp-image-47\" style=\"width:57px;height:auto\"\/><\/figure>\n\n\n\n<h3 class=\"wp-block-heading has-text-align-left\" style=\"margin-top:16px;font-size:20px\">Implementa\u00e7\u00e3o assistida<\/h3>\n\n\n\n<p class=\"has-text-align-left\"><\/p>\n<\/div>\n<\/div>\n\n\n\n<p class=\"has-text-align-center has-black-color has-text-color has-link-color wp-elements-e73c8c5fd18124d91a76e0ed78e78b0a\" style=\"font-size:25px\">Projetos com come\u00e7o, meio e fim definidos.<\/p>\n\n\n\n<p><mark style=\"background-color:rgba(0, 0, 0, 0);color:#ebebeb\" class=\"has-inline-color\">.<\/mark><\/p>\n<\/div>\n\n\n\n<div class=\"wp-block-cover alignfull is-light\" style=\"min-height:720px;aspect-ratio:unset;\"><span aria-hidden=\"true\" class=\"wp-block-cover__background has-background-dim-100 has-background-dim\" style=\"background-color:#ebebeb\"><\/span><div class=\"wp-block-cover__inner-container is-layout-flow wp-block-cover-is-layout-flow\">\n<div class=\"inherit-container-width wp-block-group alignwide is-layout-constrained wp-block-group-is-layout-constrained\">\n<div class=\"wp-block-media-text alignwide has-media-on-the-right is-stacked-on-mobile is-vertically-aligned-center\" style=\"grid-template-columns:auto 39%\"><div class=\"wp-block-media-text__content\">\n<h1 class=\"wp-block-heading has-text-align-left has-black-color has-text-color\" style=\"font-size:38px\"><strong><strong><strong><strong><strong><strong><strong><strong><strong><strong><strong>O que voc\u00ea pode esperar<\/strong><\/strong><\/strong><\/strong><\/strong><\/strong><\/strong><\/strong><\/strong><\/strong><\/strong><\/h1>\n\n\n\n<p class=\"has-black-color has-text-color has-link-color wp-elements-8f936602a8024ff9318b1d7dc6eedfc2\">\u2022 Clareza estrat\u00e9gica j\u00e1 no primeiro ciclo<br>\u2022 Organiza\u00e7\u00e3o percept\u00edvel da opera\u00e7\u00e3o<br>\u2022 Redu\u00e7\u00e3o de ru\u00eddo operacional e retrabalho<br>\u2022 Equipe mais alinhada<br>\u2022 Aumento da reten\u00e7\u00e3o de clientes<\/p>\n\n\n\n<p class=\"has-black-color has-text-color has-link-color wp-elements-7293bac64dd3a4c5dd1e677145acc937\">Os primeiros sinais de organiza\u00e7\u00e3o costumam aparecer nos primeiros ciclos de implementa\u00e7\u00e3o.<\/p>\n\n\n\n<div class=\"wp-block-buttons is-layout-flex wp-block-buttons-is-layout-flex\"><\/div>\n<\/div><figure class=\"wp-block-media-text__media\"><img loading=\"lazy\" decoding=\"async\" width=\"640\" height=\"425\" src=\"http:\/\/koraexperience.com.br\/wp-content\/uploads\/2026\/03\/esperar1.jpeg\" alt=\"\" class=\"wp-image-267 size-full\" srcset=\"https:\/\/koraexperience.com.br\/wp-content\/uploads\/2026\/03\/esperar1.jpeg 640w, https:\/\/koraexperience.com.br\/wp-content\/uploads\/2026\/03\/esperar1-300x199.jpeg 300w\" sizes=\"auto, (max-width: 640px) 100vw, 640px\" \/><\/figure><\/div>\n<\/div>\n<\/div><\/div>\n\n\n\n<div class=\"wp-block-cover alignfull\" style=\"min-height:729px;aspect-ratio:unset;\"><span aria-hidden=\"true\" class=\"wp-block-cover__background has-ast-global-color-5-background-color has-background-dim-100 has-background-dim\"><\/span><div class=\"wp-block-cover__inner-container is-layout-flow wp-block-cover-is-layout-flow\">\n<div class=\"inherit-container-width wp-block-group alignwide is-layout-constrained wp-block-group-is-layout-constrained\">\n<div class=\"wp-block-media-text alignwide is-stacked-on-mobile is-vertically-aligned-center\" style=\"grid-template-columns:39% auto\"><figure class=\"wp-block-media-text__media\"><img loading=\"lazy\" decoding=\"async\" width=\"640\" height=\"425\" src=\"http:\/\/koraexperience.com.br\/wp-content\/uploads\/2026\/03\/agende1.jpeg\" alt=\"\" class=\"wp-image-265 size-full\" srcset=\"https:\/\/koraexperience.com.br\/wp-content\/uploads\/2026\/03\/agende1.jpeg 640w, https:\/\/koraexperience.com.br\/wp-content\/uploads\/2026\/03\/agende1-300x199.jpeg 300w\" sizes=\"auto, (max-width: 640px) 100vw, 640px\" \/><\/figure><div class=\"wp-block-media-text__content\">\n<h1 class=\"wp-block-heading has-text-align-left has-black-color has-text-color\" style=\"font-size:38px\"><strong><strong><strong><strong><strong><strong><strong><strong><strong><strong><strong><strong>Agende uma conversa estrat\u00e9gica<\/strong><\/strong><\/strong><\/strong><\/strong><\/strong><\/strong><\/strong><\/strong><\/strong><\/strong><\/strong><\/h1>\n\n\n\n<p class=\"has-black-color has-text-color has-link-color wp-elements-a089b263f9977770f41b00800b099ad8\">Quando estrat\u00e9gia encontra clareza, o crescimento deixa de ser acaso.<\/p>\n\n\n\n<p class=\"has-black-color has-text-color has-link-color wp-elements-43aa2fceddb37a1965d3d4072f634de7\">Se fizer sentido para o momento da sua empresa, agende uma conversa estrat\u00e9gica de 30 minutos.<\/p>\n\n\n\n<p class=\"has-black-color has-text-color has-link-color wp-elements-cbe976ff92635fff1d611130b3d33942\">Nessa conversa inicial avaliamos:<\/p>\n\n\n\n<p class=\"has-black-color has-text-color has-link-color wp-elements-9f0aa45f52fac0dae3413e02d06cec56\">\u2022 O momento atual da empresa<br>\u2022 Os principais gargalos estruturais<br>\u2022 A viabilidade de um ciclo de estrutura\u00e7\u00e3o<\/p>\n\n\n\n<div class=\"wp-block-buttons is-layout-flex wp-block-buttons-is-layout-flex\">\n<div class=\"wp-block-button\"><a class=\"wp-block-button__link has-background wp-element-button\" href=\"https:\/\/wa.me\/5511986839019?text=Ol%C3%A1.%20Acessei%20o%20site%20da%20Kora%20Experience%20e%20gostaria%20de%20agendar%20uma%20conversa%20estrat%C3%A9gica%20de%2030%20minutos.\" style=\"background-color:#ff6d70\">Solicitar conversa estrat\u00e9gica<\/a><\/div>\n<\/div>\n<\/div><\/div>\n<\/div>\n\n\n\n<p class=\"has-text-align-center\"><em><mark style=\"background-color:rgba(0, 0, 0, 0);color:#000000\" class=\"has-inline-color\">Sem compromisso. Apenas uma conversa para avaliar seu cen\u00e1rio atual.<\/mark><\/em> <em><mark style=\"background-color:rgba(0, 0, 0, 0);color:#000000\" class=\"has-inline-color\">Respondemos normalmente no mesmo dia \u00fatil.<\/mark><\/em><\/p>\n<\/div><\/div>\n","protected":false},"excerpt":{"rendered":"<p>Ciclo de estrutura\u00e7\u00e3o Kora Diagn\u00f3stico estrat\u00e9gico Defini\u00e7\u00e3o de prioridades Plano de estrutura\u00e7\u00e3o Implementa\u00e7\u00e3o assistida Projetos com come\u00e7o, meio e fim [&hellip;]<\/p>\n","protected":false},"author":1,"featured_media":0,"parent":0,"menu_order":0,"comment_status":"closed","ping_status":"closed","template":"","meta":{"site-sidebar-layout":"no-sidebar","site-content-layout":"plain-container","ast-site-content-layout":"default","site-content-style":"default","site-sidebar-style":"default","ast-global-header-display":"","ast-banner-title-visibility":"","ast-main-header-display":"","ast-hfb-above-header-display":"","ast-hfb-below-header-display":"","ast-hfb-mobile-header-display":"","site-post-title":"disabled","ast-breadcrumbs-content":"","ast-featured-img":"","footer-sml-layout":"","ast-disable-related-posts":"","theme-transparent-header-meta":"enabled","adv-header-id-meta":"","stick-header-meta":"","header-above-stick-meta":"","header-main-stick-meta":"","header-below-stick-meta":"","astra-migrate-meta-layouts":"default","ast-page-background-enabled":"default","ast-page-background-meta":{"desktop":{"background-color":"var(--ast-global-color-5)","background-image":"","background-repeat":"repeat","background-position":"center center","background-size":"auto","background-attachment":"scroll","background-type":"","background-media":"","overlay-type":"","overlay-color":"","overlay-opacity":"","overlay-gradient":""},"tablet":{"background-color":"","background-image":"","background-repeat":"repeat","background-position":"center center","background-size":"auto","background-attachment":"scroll","background-type":"","background-media":"","overlay-type":"","overlay-color":"","overlay-opacity":"","overlay-gradient":""},"mobile":{"background-color":"","background-image":"","background-repeat":"repeat","background-position":"center center","background-size":"auto","background-attachment":"scroll","background-type":"","background-media":"","overlay-type":"","overlay-color":"","overlay-opacity":"","overlay-gradient":""}},"ast-content-background-meta":{"desktop":{"background-color":"var(--ast-global-color-4)","background-image":"","background-repeat":"repeat","background-position":"center center","background-size":"auto","background-attachment":"scroll","background-type":"","background-media":"","overlay-type":"","overlay-color":"","overlay-opacity":"","overlay-gradient":""},"tablet":{"background-color":"var(--ast-global-color-4)","background-image":"","background-repeat":"repeat","background-position":"center center","background-size":"auto","background-attachment":"scroll","background-type":"","background-media":"","overlay-type":"","overlay-color":"","overlay-opacity":"","overlay-gradient":""},"mobile":{"background-color":"var(--ast-global-color-4)","background-image":"","background-repeat":"repeat","background-position":"center center","background-size":"auto","background-attachment":"scroll","background-type":"","background-media":"","overlay-type":"","overlay-color":"","overlay-opacity":"","overlay-gradient":""}},"footnotes":""},"class_list":["post-14","page","type-page","status-publish","hentry"],"_links":{"self":[{"href":"https:\/\/koraexperience.com.br\/index.php?rest_route=\/wp\/v2\/pages\/14","targetHints":{"allow":["GET"]}}],"collection":[{"href":"https:\/\/koraexperience.com.br\/index.php?rest_route=\/wp\/v2\/pages"}],"about":[{"href":"https:\/\/koraexperience.com.br\/index.php?rest_route=\/wp\/v2\/types\/page"}],"author":[{"embeddable":true,"href":"https:\/\/koraexperience.com.br\/index.php?rest_route=\/wp\/v2\/users\/1"}],"replies":[{"embeddable":true,"href":"https:\/\/koraexperience.com.br\/index.php?rest_route=%2Fwp%2Fv2%2Fcomments&post=14"}],"version-history":[{"count":99,"href":"https:\/\/koraexperience.com.br\/index.php?rest_route=\/wp\/v2\/pages\/14\/revisions"}],"predecessor-version":[{"id":308,"href":"https:\/\/koraexperience.com.br\/index.php?rest_route=\/wp\/v2\/pages\/14\/revisions\/308"}],"wp:attachment":[{"href":"https:\/\/koraexperience.com.br\/index.php?rest_route=%2Fwp%2Fv2%2Fmedia&parent=14"}],"curies":[{"name":"wp","href":"https:\/\/api.w.org\/{rel}","templated":true}]}}